69957 a prime number?
True
Is 55003816477 a composite number?
False
Is 3477485491 prime?
False
Is 4401900109 prime?
True
Is 4853888961 a prime number?
False
Is 29308201739 a prime number?
False
Is 200297129 a prime number?
False
Is 819272617 composite?
False
Is 10678254514 composite?
True
Is 170324389 composite?
False
Is 4074125911 composite?
False
Is 10746191987 a composite number?
False
Is 445344299 a prime number?
False
Is 68001718097 a prime number?
False
Is 51983240563 composite?
False
Is 277064542 a prime number?
False
Is 241084813 a prime number?
False
Is 390236111 a composite number?
True
Is 5093576893 a composite number?
True
Is 71636167 a prime number?
True
Is 1860966173 composite?
True
Is 878178169 prime?
False
Is 80316349 a prime number?
False
Is 80139069761 a prime number?
False
Is 120783571 a composite number?
True
Is 28319939149 a prime number?
False
Is 2856315593 prime?
True
Is 10801480229 a composite number?
False
Is 77278856909 a prime number?
False
Is 51996312059 composite?
True
Is 38964509477 prime?
True
Is 96694491877 a prime number?
False
Is 4274473811 prime?
True
Is 7909210559 prime?
True
Is 1035567901 prime?
False
Is 11509818535 prime?
False
Is 3840553219 prime?
True
Is 1433554667 a composite number?
True
Is 46620201619 a composite number?
False
Is 46267447 prime?
False
Is 35793259 a prime number?
True
Is 829510789 a composite number?
True
Is 39154148689 a composite number?
True
Is 477098099 prime?
False
Is 25984982773 a prime number?
True
Is 43899988537 composite?
False
Is 20104282817 composite?
False
Is 8978175481 composite?
True
Is 25028295161 prime?
True
Is 2173555301 a composite number?
False
Is 361949851 composite?
True
Is 583283593 prime?
False
Is 17225624617 composite?
True
Is 25607604923 composite?
True
Is 1511735767 composite?
False
Is 26319332641 composite?
True
Is 8513599951 a composite number?
False
Is 2690086117 composite?
True
Is 4017090317 a prime number?
True
Is 942588457 a composite number?
False
Is 13747480919 composite?
True
Is 581005679 a prime number?
False
Is 221653997 a prime number?
False
Is 1155208177 prime?
False
Is 46173097657 composite?
False
Is 134531879 prime?
False
Is 169073719 composite?
True
Is 777353431 prime?
False
Is 161423657849 prime?
True
Is 25521035093 a prime number?
True
Is 1695722883 prime?
False
Is 16971681541 prime?
True
Is 131876011 composite?
False
Is 823141679 prime?
False
Is 257587639 composite?
False
Is 9123876911 prime?
True
Is 1558533857 prime?
False
Is 204921767 a prime number?
True
Is 2328098897 a composite number?
False
Is 677025319 composite?
False
Is 286635341 a composite number?
False
Is 667146109 composite?
True
Is 1173978321 prime?
False
Is 6690595943 a prime number?
False
Is 22681831 a prime number?
False
Is 385989593 a prime number?
False
Is 7131359483 a composite number?
False
Is 4053750277 prime?
True
Is 12124398343 prime?
False
Is 5066412283 a prime number?
False
Is 48445782781 prime?
False
Is 5260424119 a prime number?
True
Is 17898677227 composite?
False
Is 1965844021 prime?
False
Is 58447385333 a prime number?
True
Is 5477502031 a composite number?
False
Is 1048472861 a composite number?
False
Is 49643371397 a prime number?
False
Is 825453143 prime?
True
Is 509554691 prime?
True
Is 2489817787 a prime number?
True
Is 43265903609 a prime number?
True
Is 362861309593 a composite number?
False
Is 15355227499 composite?
True
Is 256453331 a composite number?
True
Is 549174707 composite?
True
Is 2666637821 composite?
True
Is 230541613 prime?
True
Is 3485651161 a composite number?
False
Is 10969613 prime?
True
Is 386506957 a composite number?
True
Is 2520613115 a composite number?
True
Is 1916826971 prime?
True
Is 102853727 composite?
True
Is 617198713 prime?
False
Is 78329772569 composite?
False
Is 353222335 a composite number?
True
Is 52611811653 prime?
False
Is 6306037819 a prime number?
True
Is 134190383 prime?
False
Is 1272053639 prime?
True
Is 14540225155 a prime number?
False
Is 4018433413 a composite number?
True
Is 56784202379 composite?
False
Is 10548899311 prime?
True
Is 383122159 prime?
False
Is 4404760661 a composite number?
True
Is 22802008753 a composite number?
False
Is 2378020327 composite?
True
Is 12131637269 composite?
False
Is 4804903127 prime?
False
Is 10739874401 prime?
False
Is 9940708049 prime?
True
Is 45243784987 a composite number?
False
Is 193010275781 a composite number?
False
Is 1708529167 a composite number?
False
Is 1159875131 a prime number?
True
Is 1148569727 a prime number?
False
Is 2079452593 prime?
True
Is 2481935921 prime?
True
Is 9851880859 composite?
True
Is 47544677 a prime number?
True
Is 4986892777 a composite number?
True
Is 124839400333 composite?
True
Is 1479764513 a prime number?
False
Is 251484795469 a prime number?
True
Is 29493522823 a prime number?
True
Is 470192281 prime?
False
Is 36729906897 composite?
True
Is 2485392515 composite?
True
Is 1899117643 composite?
True
Is 103858563883 a prime number?
True
Is 409559035267 a prime number?
True
Is 7207267399 composite?
True
Is 4349711917 composite?
False
Is 53286521897 prime?
False
Is 11699678981 composite?
True
Is 137240318 composite?
True
Is 7080774689 a prime number?
True
Is 8267681887 prime?
True
Is 575635549 prime?
False
Is 225403966 a composite number?
True
Is 47271051851 a composite number?
False
Is 1814698843 a composite number?
True
Is 7693079189 prime?
True
Is 8819148271 a prime number?
True
Is 18374979443 composite?
False
Is 9434901319 a prime number?
True
Is 15666951589 composite?
True
Is 707117893 a composite number?
False
Is 553337797 prime?
True
Is 2270197001 composite?
False
Is 4739570027 prime?
True
Is 36121697881 prime?
False
Is 2798224883 a prime number?
True
Is 16986906437 a prime number?
True
Is 174315242095 a prime number?
False
Is 85406145169 composite?
False
Is 330706423 a composite number?
True
Is 5889010159 a composite number?
False
Is 120980754121 composite?
False
Is 3963581761 a prime number?
False
Is 171550817 a composite number?
True
Is 935968801 composite?
False
Is 106632347951 a prime number?
False
Is 26442838731 composite?
True
Is 789235085 prime?
False
Is 283402817 composite?
True
Is 27943560709 composite?
True
Is 35855836981 a prime number?
False
Is 1997804221 composite?
True
Is 20774588411 a prime number?
False
Is 224149661 composite?
False
Is 15277864477 a composite number?
True
Is 7715216879 a prime number?
False
Is 14783714543 composite?
True
Is 665328211 prime?
True
Is 612383977 a composite number?
False
Is 2992705057 a composite number?
False
Is 8824927567 composite?
False
Is 477582709 a prime number?
True
Is 22807812877 a prime number?
True
Is 908545423 composite?
False
Is 262537087 prime?
False
Is 305420153 prime?
False
Is 38347490191 prime?
True
Is 127377342667 a composite number?
False
Is 9428213521 prime?
False
Is 39119270453 a composite number?
False
Is 475964494 composite?
True
Is 75877521191 a prime number?
True
Is 1072431331 composite?
False
Is 216193993 a prime number?
True
Is 130334561647 a composite number?
True
Is 632012681 prime?
False
Is 3074989609 a composite number?
False
Is 12023600774 a composite number?
True
Is 369746467 a prime number?
True
Is 164032411 prime?
True
Is 1126573531 a prime number?
False
Is 209883911 a prime number?
True
Is 732077785 composite?
True
Is 238905192787 composite?
False
Is 20252807 a composite number?
False
Is 6882564349 a prime number?
True
Is 1806312281 a prime number?
True
Is 1693777253 a composite number?
True
Is 546889097 prime?
True
Is 104950429791 prime?
False
Is 8526742883 a prime number?
True
Is 5003743987 a prime number?
False
Is 2903857427 a composite number?
False
Is 84122051131 a composite number?
False
Is 21973592273 prime?
False
Is 1640614601 a composite number?
False
Is 128949881 a composite number?
False
Is 34635974803 composite?
False
Is 629562559 a composite number?
False
Is 1063138337 a prime number?
False
Is 500509277 a prime number?
True
Is 8596362097 prime?
True
Is 4145127737 a prime number?
True
Is 159612205349 composite?
False
Is 7263077821 a composite number?
True
Is 5366687387 a composite number?
True
Is 237048283 composite?
False
Is 34666528063 a composite number?
True
Is 13503310453 composite?
False
Is 15166019993 prime?
False
Is 382774661 a prim